 - 54 = z - 3*i, 3*z + 3*i - 78 = 0. What is the tens digit of z?
2
Let n(u) = -u**2 - 6*u - 1. Let j be n(-5). Suppose -4*c - 5*k + 2*k - 31 = 0, 0 = -c - 2*k - j. Let g = 14 + c. What is the units digit of g?
4
Let j = 972 + -273. What is the units digit of j?
9
Let q = -429 + 708. What is the units digit of q?
9
Let k(h) = 4*h**2 - 6*h - 6. Suppose 0 = 4*q - 20 - 8. What is the tens digit of k(q)?
4
Let v(p) = -229*p - 39. Let a be v(-3). Let y = -325 + a. What is the units digit of y?
3
Let n(a) = -a**3 - 6*a**2 - 5*a + 2. Let f be n(-5). Suppose z + 377 = 3*u, f*u + 233 = 4*u + 3*z. What is the tens digit of u?
2
Suppose 38 = -y + 637. What is the units digit of y?
9
Suppose 394 = -3*l + 73. Let b = l - -181. What is the tens digit of b?
7
Let z(w) = w**2 - 23*w - 21. Let p = -47 - -71. What is the units digit of z(p)?
3
Let v(o) = -o**3 - 4*o**2 - 7*o + 12. Suppose -14 = 3*g - w, g - 4*w = 5*g + 24. What is the tens digit of v(g)?
7
Suppose 89 = -4*p + 5*y + 598, -5*p - y + 600 = 0. What is the hundreds digit of p?
1
Let g(b) = 3*b**3 - 2*b**2 - 4*b - 2. Let s(w) = -4*w**3 + w**2 + 5*w + 1. Let m(f) = -3*g(f) - 2*s(f). What is the hundreds digit of m(-4)?
1
Suppose 0 = i + 3*i - 4. Let z(o) = o**2 - o + 0*o + 3*o**2 - 3*o**2 + i. What is the units digit of z(3)?
7
Let h(t) = 605*t + 251. What is the thousands digit of h(3)?
2
Let l(b) = 20*b + 387. What is the tens digit of l(47)?
2
Let g(f) = 40*f**2 - 29*f - 2. What is the units digit of g(-4)?
4
Let o be (-88)/(-16) - (-2)/4. What is the tens digit of (-16)/(-24) - (-98)/o?
1
Suppose 4*n - 17 = 159. Suppose h - 1 = n. What is the units digit of h?
5
Let c(l) = 4 + 4*l + l**2 - 1 - 1 - l. Let p be c(-2). Suppose 3*o + p*o - 63 = 0. What is the units digit of o?
1
What is the tens digit of 6/21 + (-25938)/(-63)?
1
Suppose -a + h - 34 = -5*a, 3*h = -2*a + 22. Suppose 126 = a*i - 5*i. What is the units digit of i?
2
Let h be (1/(6/(-24)))/(-1). What is the units digit of (2926/57)/(h/18) - -2?
3
Let c(d) = 5*d - 12. Let x be c(3). Suppose x*b - 24 = -b. What is the units digit of b?
6
Let u(v) = 10*v**2 + 9*v + 27. What is the tens digit of u(-9)?
5
Let p(c) = -12*c**3 - 13*c**2 - 13*c - 7. Let u(z) = -4*z**3 - 4*z**2 - 4*z - 2. Let f(q) = -2*p(q) + 7*u(q). What is the units digit of f(-2)?
8
Suppose -10*l = -51*l + 222999. What is the hundreds digit of l?
4
Let u(q) = -q**3 - 11*q**2 - 9*q + 6. Let n be u(-10). Let p be (2 - 6)/2 - -1. Let j = p - n. What is the units digit of j?
3
Suppose 107*i = 104*i + 3018. What is the hundreds digit of i?
0
Let g = -48 - -24. What is the tens digit of (21/(-14))/(2/g)?
1
Let i(p) = -p**3 + 2*p**2 - p + 1. Let o = 13 + -9. Suppose -2*s - 1 = -3*t, -o*t + 5*t + 3 = -s. What is the units digit of i(s)?
9
Let r = -1927 + 5002. What is the thousands digit of r?
3
Let t(d) = -50*d - 57. What is the units digit of t(-7)?
3
Let w be -35 - -5 - -1*4. Let a = 31 + w. Let y(b) = 6*b + 11. What is the units digit of y(a)?
1
Let n(v) = -v**3 + 12*v**2 + 14*v + 35. What is the hundreds digit of n(12)?
2
Suppose -14*t = -15*t - 42. What is the hundreds digit of 303/((-12)/t - 34/(-28))?
2
Let i = 7 - -1. Suppose -b - 5*s + 76 = -0*b, -4*s = -5*b + 322. What is the units digit of 32/6*b/i?
4
Let h be 0/(7 + (-15)/5). Suppose 4*g - 56 + 28 = h. What is the units digit of g?
7
Suppose -g - 118 = 5*v, -4*v = -5*g - 5*v - 542. Let y = -152 - -82. Let d = y - g. What is the tens digit of d?
3
Suppose -373 = -n - 78. What is the hundreds digit of n?
2
Let u(v) be the third derivative of -13*v**4/24 + 17*v**3/6 - 23*v**2. What is the hundreds digit of u(-13)?
1
Let t be 16/12*(-3)/(-2). Suppose -10 = -t*d - 2. Suppose d*u - 5 - 87 = 0. What is the tens digit of u?
2
Let t(p) = p**3 - p**2 - 3*p - 1. Let r be t(-1). What is the units digit of r - -4 - 8 - (-1 - 5)?
2
Let x(y) = 6*y + 31. Let s(d) = 2*d - 10. Let p be s(8). What is the tens digit of x(p)?
6
Suppose -5*n - 2*u + 6484 = 150, 3*u = 6. What is the thousands digit of n?
1
Let l(d) = -301*d + d**2 + 2 + 2 + 303*d. What is the tens digit of l(-6)?
2
Suppose 2*w - 222 = -3*b, -4*b = -5*b - 5*w + 87. Let k = b - 41. What is the tens digit of k?
3
Suppose 4*j = 3*d - 4, -2*j - 16 = -2*d - 3*d. Let m = d - 0. Suppose n + 0*n = -3*a + 68, -5*a + m*n + 136 = 0. What is the units digit of a?
4
Suppose 18*v - 341 = 199. What is the units digit of v?
0
Suppose -3*j = -5*d + 8, 4*d = -d + 5*j. Suppose 81 = -d*g - 35. What is the units digit of (-18)/(-6) - (g + -1)?
3
Let d be (-6)/((1/(-1))/(36/(-27))). Suppose -5*r = -0 - 5. What is the tens digit of d/(-2) - (-42)/r?
4
Suppose 2 = 2*b - 2, -p = 2*b - 599. What is the units digit of p?
5
Suppose 3*d = 5*v - 3515, -14*v + 3*d = -13*v - 691. What is the units digit of v?
6
Let i = -212 + 391. What is the hundreds digit of i?
1
Let q(k) be the first derivative of k**4/4 + k**2/2 - 17*k - 5. Let p be q(0). Let g = -5 - p. What is the units digit of g?
2
Suppose -2*u - u = v - 1651, -4*v + 2747 = 5*u. Suppose -219 = -2*c + y, u = c + 4*c + y. What is the hundreds digit of c?
1
Let f(q) = 98*q**2 - 4*q + 3. What is the tens digit of f(1)?
9
Let j(s) = s**2 + 27*s + 4. Let z be j(-27). Let n(w) = 30*w - 1. Let x be n(2). Suppose -x + 15 = -z*m. What is the tens digit of m?
1
Suppose -a + 222 = a. Let x = a - 35. What is the tens digit of x?
7
Suppose -30*x + 49355 = 15005. What is the tens digit of x?
4
Let t(i) = 8*i**2 - i - 11. Let g be t(4). Suppose g + 147 = 5*s. What is the units digit of s?
2
Suppose 0 = -d - 2*d + 3. Let x = 9 + -16. What is the tens digit of 24/(-4)*(d + x)?
3
Suppose 28*p = 26*p + 938. Suppose -4*m + 292 + p = 5*z, -3*m + 762 = 5*z. What is the tens digit of z?
5
Suppose 31*t - 846 = 890. What is the units digit of t?
6
Let q(t) = -2*t - 6. Let c be q(-5). Let m(a) = a**3 - 2*a**2 - a - 5. Let f be m(c). Let o = 38 - f. What is the units digit of o?
5
Let u = 1893 + 624. What is the tens digit of u?
1
Suppose 1836 = 4*v - 2324. Suppose -3*o + 7*o = v. Suppose 0 = -3*h - 2*h + o. What is the tens digit of h?
5
Let g = 2058 - 1385. What is the tens digit of g?
7
Suppose -12*r = -22*r + 9510. What is the hundreds digit of r?
9
Suppose 0 = -g + 5*m + 1691, -7*g + 9*m = 11*m - 11874. What is the tens digit of g?
9
Let t(x) = -226*x - 6. What is the tens digit of t(-2)?
4
Let c = -224 + 432. Suppose 0 = 3*y + y - c. What is the units digit of y?
2
Suppose -2*y - 4*s + 26 = 0, 0 = -2*y - y - s + 14. Let p = y + 9. What is the tens digit of p?
1
Let w(y) = 4*y + 3. Let x(l) = l. Let d(u) = w(u) + 4*x(u). What is the units digit of d(12)?
9
Suppose 2*t - 20 = t. Let c be 36/(-2)*t/(-8). Suppose -c = 2*h - 5*h. What is the units digit of h?
5
Let q = 568 - 98. What is the hundreds digit of q?
4
What is the hundreds digit of (53/(-3))/(-1 - 33/(-36))?
2
Let j(x) = -x**3 + x**2 - 3*x + 3. Let l be j(4). Let f = 60 + l. What is the units digit of f?
3
Let d(y) be the third derivative of -y**6/120 + 11*y**5/60 + y**4/24 + 9*y**3/2 - 32*y**2. What is the hundreds digit of d(10)?
1
Let u = 164 - -217. What is the tens digit of u?
8
Let y = 7903 - 3596. What is the thousands digit of y?
4
Let s be (21/28)/(1/4). Suppose 0*l = s*l - 57. What is the tens digit of l?
1
Let n(m) = 2*m - 8. Let x be n(5). Let i(y) = y**2 - y. Let t be i(x). Let b = t + -1. What is the units digit of b?
1
Let y be (195/(-45) - (-8)/6) + 3. Suppose y = -12*p + 89 + 295. What is the units digit of p?
2
Let n = 62 + -149. Let g = 54 - n. What is the tens digit of g?
4
Let d = -19 - -22. Let i be (d - 12/2) + -1. What is the tens digit of (-14 + 2)*18/i?
5
Suppose -6*o + 2*o - 753 = -3*y, -1008 = -4*y + 4*o. What is the hundreds digit of y?
2
Let n be (-4)/(-8)*(2 + -6). Let k be (-27)/n*(6 + -8). Let p = 39 + k. What is the units digit of p?
2
Let n be (-2)/6*(-90)/15. Suppose 3*t - n*t - 5 = 0. Suppose -4*p - t*g = -167, p + p - 2*g = 106. What is the units digit of p?
8
Suppose o - 5*a = 28, -4*a = -0*a + 20. Suppose 0 = -5*c + 7 + o. Suppose b = -c*b + 36. What is the units digit of b?
2
Suppose 9*k - 1381 - 8573 = 0. What is the hundreds digit of k?
1
Suppose -5*f - 30 + 115 = 0. Suppose k - 2 = -2*u + 3*k, 0 = 5*u - k - f. Suppose -92 = -u*p + 124. What is the units digit of p?
4
Let 